{"id":2160,"date":"2021-09-28T14:57:06","date_gmt":"2021-09-28T12:57:06","guid":{"rendered":"https:\/\/lenfonal.hu\/?post_type=product&#038;p=2160"},"modified":"2023-04-25T11:26:29","modified_gmt":"2023-04-25T09:26:29","slug":"alpaka-selyem-len-600m-egyedi-festett-fonal-mojito","status":"publish","type":"product","link":"https:\/\/lenfonal.hu\/index.php\/termek\/alpaka-selyem-len-600m-egyedi-festett-fonal-mojito\/","title":{"rendered":"Alpaka-selyem-len 600m egyedi festett fonal \u2013 Mojito"},"content":{"rendered":"<p>Ha erre a motringra n\u00e9z\u00fcnk, visszaid\u00e9zhetj\u00fck a forr\u00f3 ny\u00e1r kellemesen h\u0171s\u00edt\u0151 kokt\u00e9lj\u00e1t, a Mojito-t, amiben feh\u00e9r rum, lime \u00e9s menta keveredik.<\/p>\n<p>Csod\u00e1s \u00f6sszet\u00e9tel\u0171 fonal, melyben az alpaka meleget, a selyem f\u00e9nyt, a len pedig rusztikus b\u00e1jt ad.<\/p>\n<p>Megsz\u0151ve kellemes kend\u0151t, s\u00e1lat eredm\u00e9nyez.<\/p>\n<p>K\u00f6tve, horgolva kiv\u00e1l\u00f3 finomabb darabokhoz, csipkekend\u0151kh\u00f6z, v\u00e9kony sapk\u00e1hoz, nyakmeleg\u00edt\u0151h\u00f6z stb.<\/p>\n<p>Heavy lace vastags\u00e1g\u00fa, aj\u00e1nlott t\u0171m\u00e9ret: 2-3-as<\/p>\n<p>Professzion\u00e1lis fest\u00e9kkel, nagy gondoss\u00e1ggal k\u00e9sz\u00fclt, ennek ellen\u00e9re kis m\u00e9rt\u00e9kben sz\u00edn\u00e9t eresztheti, mos\u00e1sa sz\u00ednfog\u00f3 kend\u0151vel javasolt.<\/p>\n<p>1 motring 100g\/600m (Nm 12\/2)<\/p>\n<p>\u00d6sszet\u00e9tele: 50% alpaka \u2013 25% selyem \u2013 25% len<\/p>\n<p>K\u00e9zi mos\u00e1s aj\u00e1nlott<br \/>\nFektetve sz\u00e1r\u00edtand\u00f3<br \/>\nSz\u00e1r\u00edt\u00f3g\u00e9ppel sz\u00e1r\u00edtani tilos<br \/>\nK\u00f6zepes fokozaton vasalhat\u00f3<\/p>\n","protected":false},"excerpt":{"rendered":"<p>Ha erre a motringra n\u00e9z\u00fcnk, visszaid\u00e9zhetj\u00fck a forr\u00f3 ny\u00e1r kellemesen h\u0171s\u00edt\u0151 kokt\u00e9lj\u00e1t, a Mojito-t, amiben feh\u00e9r rum, lime \u00e9s menta keveredik. Csod\u00e1s \u00f6sszet\u00e9tel\u0171 fonal, melyben az alpaka meleget, a selyem f\u00e9nyt, a len pedig rusztikus b\u00e1jt ad. Megsz\u0151ve kellemes kend\u0151t, s\u00e1lat eredm\u00e9nyez. K\u00f6tve, horgolva kiv\u00e1l\u00f3 finomabb darabokhoz, csipkekend\u0151kh\u00f6z, v\u00e9kony sapk\u00e1hoz, nyakmeleg\u00edt\u0151h\u00f6z stb. Heavy lace vastags\u00e1g\u00fa, &hellip; <\/p>\n<p class=\"link-more\"><a href=\"https:\/\/lenfonal.hu\/index.php\/termek\/alpaka-selyem-len-600m-egyedi-festett-fonal-mojito\/\" class=\"more-link\">Continue reading<span class=\"screen-reader-text\"> &#8222;Alpaka-selyem-len 600m egyedi festett fonal \u2013 Mojito&#8221;<\/span><\/a><\/p>\n","protected":false},"featured_media":2154,"comment_status":"closed","ping_status":"closed","template":"","meta":[],"product_brand":[],"product_cat":[256,69,76],"product_tag":[86,78,77,70,80,83,79,82],"class_list":{"0":"post-2160","1":"product","2":"type-product","3":"status-publish","4":"has-post-thumbnail","6":"product_cat-knit_crochet","7":"product_cat-kezzel-festett","8":"product_cat-len-es-mas","9":"product_tag-100g-600m","10":"product_tag-alpaka","11":"product_tag-egyedi-festett","12":"product_tag-kezzel-festett","13":"product_tag-len","14":"product_tag-len-es-mas","15":"product_tag-selyem","16":"product_tag-utazas","18":"first","19":"outofstock","20":"shipping-taxable","21":"purchasable","22":"product-type-simple"},"_links":{"self":[{"href":"https:\/\/lenfonal.hu\/index.php\/wp-json\/wp\/v2\/product\/2160","targetHints":{"allow":["GET"]}}],"collection":[{"href":"https:\/\/lenfonal.hu\/index.php\/wp-json\/wp\/v2\/product"}],"about":[{"href":"https:\/\/lenfonal.hu\/index.php\/wp-json\/wp\/v2\/types\/product"}],"replies":[{"embeddable":true,"href":"https:\/\/lenfonal.hu\/index.php\/wp-json\/wp\/v2\/comments?post=2160"}],"wp:featuredmedia":[{"embeddable":true,"href":"https:\/\/lenfonal.hu\/index.php\/wp-json\/wp\/v2\/media\/2154"}],"wp:attachment":[{"href":"https:\/\/lenfonal.hu\/index.php\/wp-json\/wp\/v2\/media?parent=2160"}],"wp:term":[{"taxonomy":"product_brand","embeddable":true,"href":"https:\/\/lenfonal.hu\/index.php\/wp-json\/wp\/v2\/product_brand?post=2160"},{"taxonomy":"product_cat","embeddable":true,"href":"https:\/\/lenfonal.hu\/index.php\/wp-json\/wp\/v2\/product_cat?post=2160"},{"taxonomy":"product_tag","embeddable":true,"href":"https:\/\/lenfonal.hu\/index.php\/wp-json\/wp\/v2\/product_tag?post=2160"}],"curies":[{"name":"wp","href":"https:\/\/api.w.org\/{rel}","templated":true}]}}