{"id":2429,"date":"2022-02-26T15:33:40","date_gmt":"2022-02-26T14:33:40","guid":{"rendered":"https:\/\/lenfonal.hu\/?post_type=product&#038;p=2429"},"modified":"2025-12-16T21:22:33","modified_gmt":"2025-12-16T20:22:33","slug":"venne-mercerezett-pamut-fonal-egyedi-festesu-nm-40-2-fuszer","status":"publish","type":"product","link":"https:\/\/lenfonal.hu\/index.php\/termek\/venne-mercerezett-pamut-fonal-egyedi-festesu-nm-40-2-fuszer\/","title":{"rendered":"Venne mercerezett pamut fonal egyedi fest\u00e9s\u0171 Nm 40\/2 &#8211; F\u0171szer"},"content":{"rendered":"<p style=\"text-align: left; padding-left: 40px;\">A Venne-Colcoton holland v\u00e1llalat k\u00f6zel 40 \u00e9ve foglalkozik f\u0151k\u00e9nt sz\u00f6v\u00e9shez val\u00f3 fonalak el\u0151\u00e1ll\u00edt\u00e1s\u00e1val \u00e9s kereskedelm\u00e9vel. Kifejezetten nagy hangs\u00falyt helyeznek term\u00e9keik min\u0151s\u00e9g\u00e9re, ezek el\u0151\u00e1ll\u00edt\u00e1s\u00e1nak k\u00f6rnyezeti, t\u00e1rsadalmi hat\u00e1saira, sok fonaluk a legszigor\u00fabb k\u00f6vetelm\u00e9nyeknek megfelel\u0151 GOTS tan\u00fas\u00edtv\u00e1nnyal rendelkezik.<\/p>\n<p>Ez a ragyog\u00f3 sz\u00ednekben v\u00e1laszthat\u00f3 pamut fonal a mercerez\u00e9st\u0151l sima \u00e9s f\u00e9nyes felsz\u00edn\u0171. Sokf\u00e9le textil sz\u00f6v\u00e9s\u00e9hez alkalmas, finomabb v\u00e1llkend\u0151, vagy st\u00f3la, d\u00edszp\u00e1rna is j\u00f3l mutat bel\u0151le. Fest\u00e9se k\u00fcl\u00f6nleges szakaszos, mely megsz\u0151ve a felvet\u00e9s sz\u00e9less\u00e9g\u00e9t\u0151l f\u00fcgg\u0151en k\u00fcl\u00f6nf\u00e9le mint\u00e1zatokat adhat ki.<\/p>\n<p>50g-os m\u0171anyag tekerve \u00e9rkezik, mely visszak\u00fcldhet\u0151 \u00fajrahasznos\u00edt\u00e1sra.<\/p>\n<p>&nbsp;<\/p>\n<p>\u00d6sszet\u00e9tel: 100% pamut<br \/>\nHossz\u00fas\u00e1g: 50g kb. 1000m, Nm 40\/2<br \/>\n40 fokon g\u00e9ppel moshat\u00f3<br \/>\nSz\u00e1r\u00edt\u00f3g\u00e9pben k\u00edm\u00e9l\u0151 programon sz\u00e1r\u00edthat\u00f3<br \/>\nMagas fokozaton vasalhat\u00f3<\/p>\n","protected":false},"excerpt":{"rendered":"<blockquote><p>&nbsp;<\/p><\/blockquote>\n","protected":false},"featured_media":2388,"comment_status":"closed","ping_status":"closed","template":"","meta":[],"product_brand":[],"product_cat":[306,93],"product_tag":[77,101,94],"class_list":{"0":"post-2429","1":"product","2":"type-product","3":"status-publish","4":"has-post-thumbnail","6":"product_cat-pamut-2","7":"product_cat-venne","8":"product_tag-egyedi-festett","9":"product_tag-pamut","10":"product_tag-venne","12":"first","13":"instock","14":"shipping-taxable","15":"purchasable","16":"product-type-simple"},"_links":{"self":[{"href":"https:\/\/lenfonal.hu\/index.php\/wp-json\/wp\/v2\/product\/2429","targetHints":{"allow":["GET"]}}],"collection":[{"href":"https:\/\/lenfonal.hu\/index.php\/wp-json\/wp\/v2\/product"}],"about":[{"href":"https:\/\/lenfonal.hu\/index.php\/wp-json\/wp\/v2\/types\/product"}],"replies":[{"embeddable":true,"href":"https:\/\/lenfonal.hu\/index.php\/wp-json\/wp\/v2\/comments?post=2429"}],"wp:featuredmedia":[{"embeddable":true,"href":"https:\/\/lenfonal.hu\/index.php\/wp-json\/wp\/v2\/media\/2388"}],"wp:attachment":[{"href":"https:\/\/lenfonal.hu\/index.php\/wp-json\/wp\/v2\/media?parent=2429"}],"wp:term":[{"taxonomy":"product_brand","embeddable":true,"href":"https:\/\/lenfonal.hu\/index.php\/wp-json\/wp\/v2\/product_brand?post=2429"},{"taxonomy":"product_cat","embeddable":true,"href":"https:\/\/lenfonal.hu\/index.php\/wp-json\/wp\/v2\/product_cat?post=2429"},{"taxonomy":"product_tag","embeddable":true,"href":"https:\/\/lenfonal.hu\/index.php\/wp-json\/wp\/v2\/product_tag?post=2429"}],"curies":[{"name":"wp","href":"https:\/\/api.w.org\/{rel}","templated":true}]}}